= 7*f(g) - 3*o(g). Determine k(-6).
-7
Let w(t) be the first derivative of 5*t**2 - 76*t + 2621. Give w(6).
-16
Let k be -1 - 4*3/(-6). Let t(n) = 2*n + 14. Let v be t(-6). Let i(b) = 42*b**2 - 18*b**v - b - 6*b**3 - 23*b**2. Give i(k).
-6
Let b(d) = d**3 - 3*d - 15. Let p(h) = -h**2 - h - 3. Let i(q) = b(q) - 4*p(q). Let a be (4 - 2)*(-17)/((-34)/(-3)). Determine i(a).
3
Let q be ((-58)/145 - (-1 + (-39)/(-15))) + 6. Let j(m) = m + 1 + 2*m - m**2 + m. Determine j(q).
1
Let b = -3945 - -3953. Let n(i) = -i**2 + 3*i + 18. What is n(b)?
-22
Let k(g) = -g - 1. Let s be k(3). Let h be (16/20)/(s/(-10)). Let x(m) = -558 + 558 - 9*m. What is x(h)?
-18
Let y(t) = -t**3 - 22*t**2 + 24*t + 9. Let l = -3330 + 3307. Give y(l).
-14
Let r be 5/(1035/(-54) + 20). Let x(a) = a**2 - 13*a + 52. Give x(r).
10
Let j(i) = i**2 - 15*i + 12. Suppose 3004 - 3034 = -2*g. Determine j(g).
12
Let w(y) be the first derivative of 4*y**3/3 - y**2/2 + 6*y + 2328. What is w(-3)?
45
Suppose -4 = -2*m + 3*f, -3*f - 1 = 2*m + 7. Let t be 1/4 - (605/20)/(-11). Let x(i) = 17*i**t + 149*i**2 + 1 - 3 + i + 3 - 150*i**2. Give x(m).
-18
Let p(x) = x**2 - x + 1. Suppose -3*s = 2*s - 50. Let v(m) = -m**2 + 12*m - 12. Let y be v(s). Suppose -2*b + 8 - y = 0. What is p(b)?
1
Let a(b) be the third derivative of -b**5/60 - 17*b**4/24 + b**3 + 5323*b**2. Calculate a(-12).
66
Let p(n) = n**2 - 6*n - 5. Suppose 15*g = 8*g + 14. Let u be 2/g - (-2)/(-5)*-10. Calculate p(u).
-10
Let b(x) = 14*x**3 + 20*x**2 - 2*x - 9. Let k(t) = 26*t**3 + 36*t**2 - 3*t - 18. Let z(c) = -11*b(c) + 6*k(c). Calculate z(2).
-1
Let t(r) be the first derivative of -r**2 - 19*r + 4852. Determine t(7).
-33
Let o(f) = 28*f - 62. Let t(a) = -34*a + 65. Let l(m) = 6*o(m) + 5*t(m). Give l(-26).
5
Let x(p) be the third derivative of p**4/24 - 2*p**3/3 + 5*p**2 + 11*p. Let m = -9 + 14. Suppose 16 = 4*l + m*o, -5*o + 20 = 5*l - o. Give x(l).
0
Let k(d) be the second derivative of -d**8/6720 + d**7/504 - d**6/720 - d**5/60 + 65*d**4/12 - 127*d. Let o(j) be the third derivative of k(j). Calculate o(5).
-7
Let g(d) = d**3 + 16*d**2 - 20*d - 54. Let o(m) = -65*m**2 - 325*m - 17. Let k be o(-5). Give g(k).
-3
Let b(h) = h + 1. Let n be b(-5). Let d(s) be the second derivative of s**4/6 + 7*s**3/6 + 2*s**2 + 7*s - 267. What is d(n)?
8
Let g(d) = 6*d**2 - 3*d - 4. Let y be g(-2). Let l = 22 - y. Let x be (-6)/(l + 8 - 5). Let i(t) = -t + 7. Calculate i(x).
1
Let j = 183 - 153. Suppose -5*i + j = -3*d, -3*i + 1 = 5*d + 17. Let u(n) = n**3 + 6*n**2 + 5*n + 3. What is u(d)?
3
Let y be ((-4)/(-9)*-1)/((-2)/9). Let n(i) = 20*i**3 + 8*i**2 + 9*i + 14. Let w(b) = 7*b**3 + 3*b**2 + 3*b + 5. Let s(m) = 6*n(m) - 17*w(m). Give s(y).
1
Let o(n) = 247 - 24 - 131 + 11*n. Let k be o(-8). Let d(i) = -i**2 - 2*i + 5. What is d(k)?
-19
Let d(f) = -f - 3. Let r(u) be the third derivative of -u**6/120 + u**5/12 + u**4/12 - u**3/3 - 14*u**2. Let b be r(5). Let s be b - (-2 + 4 - 0). Give d(s).
-9
Let b(c) = -4*c + 3. Let l(a) = 6*a**3 - a**2 + a - 1. Let u be 4*(-3)/(-6) + -26. Let w be 8/(u/9) + 4. Let z be l(w). Determine b(z).
-17
Let w(y) = 3*y**3 - 3*y**2 + 42*y + 46. Let l be w(-1). Let c(f) = -13*f**2 - 6*f - 11. Determine c(l).
-51
Let r = 5 - 7. Let p(q) = 47*q + 20. Let u(g) = -28*g - 12. Let c(o) = 3*p(o) + 5*u(o). What is c(r)?
-2
Let g = -3 + 6. Let k(t) = -884*t**2 + 66*t + 881*t**2 - 67*t + t**3. What is k(g)?
-3
Let n(j) be the first derivative of j**2/2 - 2*j - 834. Let p(c) = -c**2 - 6*c + 5. Let g be p(-7). Determine n(g).
-4
Let i(d) be the first derivative of -5/2*d**2 - 1/3*d**3 + 3 + 7*d. Let p(b) = -2*b**2 - 80*b - 5. Let h be p(-40). Determine i(h).
7
Let o(r) = -2*r**2 - 18*r - 33. Suppose 2*v + 4*k + 26 = -0*v, 2*v + 8 = 2*k. Let a be o(v). Let z(g) = -g**2 - 7*g. What is z(a)?
10
Let f(o) = o**3 + 7*o**2 + 9. Suppose 9*s - 13*s + 8 = 0. Let p(h) = 0*h + h - 7 + h**3 - s*h**3 + h**2 - 2*h. Let g be p(0). Determine f(g).
9
Let s(k) be the first derivative of -3*k**2/2 - 47*k + 7445. Determine s(-26).
31
Let a(k) = 4*k**3 - 10*k**2 + 20*k - 12. Let s(q) = -q**3 + q**2 - 4*q + 3. Let v(j) = -a(j) - 3*s(j). Calculate v(7).
-53
Suppose 3*a = -4*o + 259, -o - 4*a + 13 + 55 = 0. Let q = o - 62. Let d be 1/((q/(-3))/((-4)/(-3))). Let z(r) = -4*r - 1. What is z(d)?
7
Let b be (3 - 1) + -7 + 11. Suppose 0 = -b*h + 17*h + 22. Let w be h/(4/(-2))*(7 - 6). Let d(c) = -5*c**3 + 2*c**2 - c. What is d(w)?
-4
Let q(y) = -y - 4 - y + y. Let c be (-12 + 12)/(-2 - -3). Suppose c = -5*p + 4*m + 14, 13*p - 10 = 8*p + 5*m. What is q(p)?
-10
Let j(l) be the third derivative of 0*l + 1/20*l**5 + 1/120*l**6 + 0 + 1/12*l**4 + 1/2*l**3 - 2*l**2. Let b be 56/(-20) + (-4)/20. Determine j(b).
-3
Let l = 205 - 208. Let f be -1*(24/36)/(2/l). Let h(t) = 3*t**3 + t**2 - t + 1. Give h(f).
4
Suppose -206*n - 308 = -926. Let u(j) be the second derivative of 0 + 0*j**2 + 17*j - 19/6*j**n. Determine u(-1).
19
Let p be 1/(10/48) - (-18)/90. Let y(a) = -2*a - 16. Let z(i) = 3*i + 24. Let v(g) = g**2 - 2*g - 16. Let w be v(6). Let t(b) = p*z(b) + w*y(b). Give t(0).
-8
Let k(y) = 2*y**2 - 6*y - 1. Let a(u) = -18*u**2 - 119*u - 70. Let q be a(-6). Determine k(q).
55
Let c(k) = -13*k - 3. Let y(j) = 7*j + 1. Let a(w) = -4*c(w) - 9*y(w). Let g be (-9)/27*(1 - 7). Calculate a(g).
-19
Let a(x) = x**2 - 3*x - 7. Suppose -6 = 2*y + 3*i + 7, 3*y = 5*i + 28. Let z be 1*y*(-4 - 1). Calculate a(z).
33
Let c = -44424 - -44424. Let d(t) be the first derivative of -t**4/4 + 15*t - 2. Give d(c).
15
Suppose 2*b - 19 = -17. Let q(d) = 40*d - 2. Let w be q(b). Let m(s) = 42 + 2*s + w - 81. Calculate m(-5).
-11
Suppose 2*a + 1 = 6*a - 3*d, -d + 25 = 5*a. Let b(m) = 5*m + a*m**2 - 3*m**2 - 5*m + 2*m - 4. What is b(-4)?
4
Let w(x) = 40*x**2 - 200*x + 3. Let n be w(5). Let m(l) = 26*l - 13. Calculate m(n).
65
Let h(r) = -167 + 168 + 65*r - 60*r. Let l(g) = 3*g + 19. Let x(s) = -1. Let w(c) = l(c) + 5*x(c). Let z be w(-5). What is h(z)?
-4
Let c(j) be the second derivative of j**4/6 - 13*j**3/6 - 7*j**2/2 + 67*j. Let w(y) = 7*y - 5 + 4 + 5 - y**2. Let z(m) = 4*c(m) + 7*w(m). Give z(3).
0
Let c be 11368/378 + 2/(-27). Let j(i) = 41 - 63 + c - 6*i. Calculate j(6).
-28
Let k(l) be the third derivative of l**6/120 - l**5/10 - l**4/6 - l**3 + 70*l**2. Let t(b) = -b**2 - b - 1. Let p(u) = -k(u) + 4*t(u). Determine p(2).
2
Let f(u) = 3446 - 2*u + 4*u - 3386. Determine f(-16).
28
Let y be (-165)/11 + ((-4)/2 - -6). Let z be (-8)/44 + 20/y. Let a(j) = -3 + 0*j**2 - 5*j**2 - 4*j - 2*j**3 + 3*j**3 - 2*j**3. Calculate a(z).
-7
Let v(u) = 7*u - 3. Let g be (-590)/(-2) + 2*3. Let a = -304 + g. Give v(a).
-24
Let s(w) = -w**3 + 4*w**2 - w - 1. Suppose -5*t - 157 = -2*l, 3*l + 137 = 5*l - t. Suppose 65*h = l*h - 28. Let i = h - 24. Determine s(i).
-5
Suppose -6 = -2*l - 2*t - 22, 0 = -4*l + 2*t - 32. Let f be (-72)/(-27) + 34/(-6). Let k be (1 - (2 + f))*12/l. Let i(b) = 2*b**2 + 1. Calculate i(k).
19
Let k(z) = -13 + 6 + 2*z**2 + 9*z + 5 - 3. Let c be k(-5). Let m(v) = -17 - 6*v**2 - 8 + 5*v**2. Calculate m(c).
-25
Let p(h) = h + 61. Let q be p(-57). Let c(i) = -2*i**2 + 14*i - 7. Determine c(q).
17
Let k(f) = f**3 + f**2 + 3*f + 2. Let s be (-8)/(-5) - 20/(-50). Suppose -x + 3*t + 4 = 0, x + 4*t = 6*t + s. Determine k(x).
-8
Let s(r) = r**2 - 24*r + 23. Let b(k) = 23*k**2 - 109*k - 6. Let h be b(5). Give s(h).
23
Suppose 18*b - 155 = -281. Let v(g) = g**2 + 6*g + 1. Calculate v(b).
8
Let j(k) be the third derivative of 19*k**2 - 1/360*k**6 + 0 + 0*k + 1/24*k**4 - 1/60*k**5 - 5/3*k**3. Let i(c) be the first derivative of j(c). What is i(1)?
-2
Let i(w) = 3*w**2 + 12*w + 57. Let s(n) = 17*n**2 + 60*n + 311. Let a(j) = 11*i(j) - 2*s(j). Determine a(12).
5
Let r(p) = -2*p - 21. Let d be (-12 - (10 + -20)) + -9. Determine r(d).
1
Let j(z) be the first derivative of 1/3*z**3 + 3/2*z**2 - z - 51. Determine j(-2).
-3
Let r(x) be the first derivative of -x**4/4 - 7*x**3/3 - 3*x**2/2 + 2*x - 5. Let i be (-3 + (-24)/(-9))/((-54)/(-972)). Give r(i).
-16
Let t(k) = 7*k**2 - 4*k + 2. Let o = 187 + -186. Let f(j) = 2*j**2 + 8*j - 8. Let v be f(o). What is t(v)?
22
Let i(u) be the second derivative of u**4/4 + u**3 - 5*u**2/2 + 146*u + 2. Determine i(-4).
19
Let z(k) = 34*k - 176. Let g(u) = u**3 + 18*u**2 - 47*u - 